{"id":6,"date":"2008-08-04T17:11:52","date_gmt":"2008-08-04T15:11:52","guid":{"rendered":"http:\/\/kloster-metten.de\/?page_id=6"},"modified":"2024-02-07T14:50:47","modified_gmt":"2024-02-07T13:50:47","slug":"kloster-metten","status":"publish","type":"page","link":"https:\/\/www.kloster-metten.com\/?page_id=6","title":{"rendered":"Kloster Metten"},"content":{"rendered":"<a href=\"https:\/\/www.kloster-metten.com\/wp-content\/uploads\/2024\/01\/Abt_Athanasius_2a_.jpg\"><img loading=\"lazy\" decoding=\"async\" class=\"size-medium wp-image-48328 alignnone\" title=\"Abt_Athanasius_2a_\" src=\"https:\/\/www.kloster-metten.com\/wp-content\/uploads\/2024\/01\/Abt_Athanasius_2a_-500x368.jpg\" alt=\"\" width=\"500\" height=\"368\" srcset=\"https:\/\/www.kloster-metten.com\/wp-content\/uploads\/2024\/01\/Abt_Athanasius_2a_-500x368.jpg 500w, https:\/\/www.kloster-metten.com\/wp-content\/uploads\/2024\/01\/Abt_Athanasius_2a_-1024x753.jpg 1024w, https:\/\/www.kloster-metten.com\/wp-content\/uploads\/2024\/01\/Abt_Athanasius_2a_-768x565.jpg 768w, https:\/\/www.kloster-metten.com\/wp-content\/uploads\/2024\/01\/Abt_Athanasius_2a_-1536x1130.jpg 1536w, https:\/\/www.kloster-metten.com\/wp-content\/uploads\/2024\/01\/Abt_Athanasius_2a_.jpg 1997w\" sizes=\"auto, (max-width: 500px) 100vw, 500px\" \/><\/a><p><\/p>\n<h2>Willkommen auf der Homepage des Klosters Metten!<\/h2>\n<p>Mehr als 1.250 Jahre wird auf dem n\u00f6rdlichen Donauufer das Lob Gottes gefeiert. Es war einst ein mutiger Schritt, dass sich Benediktiner in dieser Landschaft niederlie\u00dfen und sie kultivierten. Der erste Abt Utto und seine M\u00f6nche d\u00fcrften vermutlich die ersten gewesen sein, die hier schreiben, lesen und rechnen konnten. Aber sie wollten nicht die einzigen sein und gr\u00fcndeten schon bald eine Schule. Dieser Tradition, verbunden mit der Weitergabe der christlichen Werte, f\u00fchlen wir uns bis heute verpflichtet. Auf dieser Seite wollen wir Sie einladen, mehr zu erfahren, \u00fcber unser Leben im Kloster im Sinne des heiligen Benedikt, der seinen Mitbr\u00fcder aufgetragen hat: \u201eOra et labora\u201c (Bete und arbeite\u201c).<\/p>\n<blockquote>\n<p>Schule ist die spannende Zeit der Entdeckung von Talenten und Begabungen. Uns sind Sch\u00e4tze anvertraut, die es zu heben gilt. Das macht Schule, das macht Leben bunt und vielf\u00e4ltig.<\/p>\n<\/blockquote>\n<p>&nbsp;<\/p>\n","protected":false},"excerpt":{"rendered":"<p>Willkommen auf der Homepage des Klosters Metten! Mehr als 1.250 Jahre wird auf dem n\u00f6rdlichen Donauufer das Lob Gottes gefeiert. Es war einst ein mutiger Schritt, dass sich Benediktiner in dieser Landschaft niederlie\u00dfen und sie kultivierten. Der erste Abt Utto und seine M\u00f6nche d\u00fcrften vermutlich die ersten gewesen sein, die hier schreiben, lesen und rechnen [&hellip;]<\/p>\n","protected":false},"author":5,"featured_media":0,"parent":0,"menu_order":1,"comment_status":"closed","ping_status":"closed","template":"","meta":{"footnotes":""},"class_list":["post-6","page","type-page","status-publish","hentry"],"_links":{"self":[{"href":"https:\/\/www.kloster-metten.com\/index.php?rest_route=\/wp\/v2\/pages\/6","targetHints":{"allow":["GET"]}}],"collection":[{"href":"https:\/\/www.kloster-metten.com\/index.php?rest_route=\/wp\/v2\/pages"}],"about":[{"href":"https:\/\/www.kloster-metten.com\/index.php?rest_route=\/wp\/v2\/types\/page"}],"author":[{"embeddable":true,"href":"https:\/\/www.kloster-metten.com\/index.php?rest_route=\/wp\/v2\/users\/5"}],"replies":[{"embeddable":true,"href":"https:\/\/www.kloster-metten.com\/index.php?rest_route=%2Fwp%2Fv2%2Fcomments&post=6"}],"version-history":[{"count":12,"href":"https:\/\/www.kloster-metten.com\/index.php?rest_route=\/wp\/v2\/pages\/6\/revisions"}],"predecessor-version":[{"id":48348,"href":"https:\/\/www.kloster-metten.com\/index.php?rest_route=\/wp\/v2\/pages\/6\/revisions\/48348"}],"wp:attachment":[{"href":"https:\/\/www.kloster-metten.com\/index.php?rest_route=%2Fwp%2Fv2%2Fmedia&parent=6"}],"curies":[{"name":"wp","href":"https:\/\/api.w.org\/{rel}","templated":true}]}}