{"id":6243,"date":"2015-11-05T16:42:47","date_gmt":"2015-11-05T14:42:47","guid":{"rendered":"http:\/\/www.kloster-metten.de\/?page_id=6243"},"modified":"2017-09-17T09:56:39","modified_gmt":"2017-09-17T07:56:39","slug":"eine-woche-ohne-handy","status":"publish","type":"page","link":"https:\/\/www.kloster-metten.com\/?page_id=6243","title":{"rendered":"Eine Woche ohne Handy"},"content":{"rendered":"<a href=\"https:\/\/www.kloster-metten.com\/wp-content\/uploads\/2015\/11\/IMGP3708_221446218145_0_.jpg\"><img loading=\"lazy\" decoding=\"async\" class=\"alignnone size-medium wp-image-6244\" title=\"IMGP3708_221446218145_0_\" src=\"https:\/\/www.kloster-metten.com\/wp-content\/uploads\/2015\/11\/IMGP3708_221446218145_0_-500x331.jpg\" alt=\"\" width=\"500\" height=\"331\" \/><\/a><h2>Eine Woche ohne Handy<\/h2><p><\/p>\n<p>Klassentage des St.-Michaels-Gymnasiums am Hintersee<\/p>\n<p>Ganz ohne elektronische Unterhaltungsmedien kamen die 46 Sch\u00fclerinnen und Sch\u00fcler der beiden f\u00fcnften Klassen des Mettener Gymnasiums in der letzten Schulwoche vor den Allerheiligenferien aus. Denn bei den Kennenlerntagen am Hintersee, bei denen die Sch\u00fcler nicht nur von ihren Lehrkr\u00e4ften, sondern auch von vier Tutoren aus den Jahrgangsstufen neun und zehn begleitet wurden, gab es f\u00fcr die F\u00fcnftkl\u00e4ssler ein abwechslungsreiches Programm. So wurden einerseits unterhaltsame Ausfl\u00fcge, wie die Erlebnistour durch das Berchtesgadener Salzbergwerk, eine Wanderung zur malerisch gelegenen Halsalm oder die Schifffahrt nach St. Bartholom\u00e4, unternommen, andererseits gab es auch Programmpunkte, die den Kindern bei der Bew\u00e4ltigung des Schullalltags helfen sollen. Dazu geh\u00f6rte das Erarbeiten der richtigen Zeiteinteilung beim Lernen ebenso wie das Trainieren von Umgangsformen und h\u00f6flichen Formulierungen. Daneben blieb noch genug Zeit zum Lesen der Schullandheimlekt\u00fcre, zum gemeinsamen Singen und Spielen oder f\u00fcr die abendliche Fackelwanderung. Ein besonderes Erlebnis war das Klettern an der hauseigenen Kletterwand des CVJM-Heims. Bei all diesen Aktionen wurden die Lehrkr\u00e4fte von den Tutoren unterst\u00fctzt, die den Kindern bei Bedarf \u2013 z.B. beim Beziehen der Betten \u2013 Hilfe leisteten, aber auch stets Ideen f\u00fcr Spiele parat hatten oder bei Heimweh tr\u00f6steten. Auch das sonnige Herbstwetter leistete seinen Beitrag zur guten Stimmung. Am letzten Abend mussten die Sch\u00fcler dann beim Spiel ohne Grenzen Geschicklichkeit und Teamgeist beweisen, zum Abschluss wurde eine Diashow mit den Eindr\u00fccken dieser wundersch\u00f6nen Woche geboten.<\/p>\n\r\n\t\t<style type='text\/css'>\r\n\t\t\t#gallery-1 {\r\n\t\t\t\tmargin: auto;\r\n\t\t\t}\r\n\t\t\t#gallery-1 .gallery-item {\r\n\t\t\t\tfloat: left;\r\n\t\t\t\tmargin-top: 10px;\r\n\t\t\t\ttext-align: center;\r\n\t\t\t\twidth: 33%;\r\n\t\t\t}\r\n\t\t\t#gallery-1 hr {\r\n\t\t\t\theight: 1px;\r\n\t\t\t}\r\n\t\t\t#gallery-1 .gallery-caption {\r\n\t\t\t\tmargin-left: 0;\r\n\t\t\t}\r\n\t\t\t\/* see gallery_shortcode() in wp-includes\/media.php *\/\r\n\t\t<\/style>\n\t\t<div id='gallery-1' class='gallery galleryid-6243 gallery-columns-3 gallery-size-thumbnail'><hr class='null'><dl class='gallery-item'>\r\n\t\t\t<dt class='gallery-icon landscape'>\r\n\t\t\t\t<a title=\"IMGP3708_221446218145_0_\"  href='https:\/\/www.kloster-metten.com\/?attachment_id=6244'><img loading=\"lazy\" decoding=\"async\" width=\"170\" height=\"115\" src=\"https:\/\/www.kloster-metten.com\/wp-content\/uploads\/2015\/11\/IMGP3708_221446218145_0_-1-170x115.jpg\" class=\"attachment-thumbnail size-thumbnail\" alt=\"\" \/><\/a>\r\n\t\t\t<\/dt><\/dl><dl class='gallery-item'>\r\n\t\t\t<dt class='gallery-icon landscape'>\r\n\t\t\t\t<a title=\"IMGP3930_221446218601_1_\"  href='https:\/\/www.kloster-metten.com\/?attachment_id=6245'><img loading=\"lazy\" decoding=\"async\" width=\"170\" height=\"115\" src=\"https:\/\/www.kloster-metten.com\/wp-content\/uploads\/2015\/11\/IMGP3930_221446218601_1_-1-170x115.jpg\" class=\"attachment-thumbnail size-thumbnail\" alt=\"\" \/><\/a>\r\n\t\t\t<\/dt><\/dl><dl class='gallery-item'>\r\n\t\t\t<dt class='gallery-icon portrait'>\r\n\t\t\t\t<a title=\"IMGP3877_221446218601_0_\"  href='https:\/\/www.kloster-metten.com\/?attachment_id=6246'><img loading=\"lazy\" decoding=\"async\" width=\"170\" height=\"115\" src=\"https:\/\/www.kloster-metten.com\/wp-content\/uploads\/2015\/11\/IMGP3877_221446218601_0_-1-170x115.jpg\" class=\"attachment-thumbnail size-thumbnail\" alt=\"\" \/><\/a>\r\n\t\t\t<\/dt><\/dl><br style=\"clear: both\" \/><dl class='gallery-item'>\r\n\t\t\t<dt class='gallery-icon landscape'>\r\n\t\t\t\t<a title=\"IMGP3805_221446218215_1_\"  href='https:\/\/www.kloster-metten.com\/?attachment_id=6247'><img loading=\"lazy\" decoding=\"async\" width=\"170\" height=\"115\" src=\"https:\/\/www.kloster-metten.com\/wp-content\/uploads\/2015\/11\/IMGP3805_221446218215_1_-1-170x115.jpg\" class=\"attachment-thumbnail size-thumbnail\" alt=\"\" \/><\/a>\r\n\t\t\t<\/dt><\/dl><dl class='gallery-item'>\r\n\t\t\t<dt class='gallery-icon landscape'>\r\n\t\t\t\t<a title=\"IMG_2823_221446217024_1_\"  href='https:\/\/www.kloster-metten.com\/?attachment_id=6248'><img loading=\"lazy\" decoding=\"async\" width=\"170\" height=\"115\" src=\"https:\/\/www.kloster-metten.com\/wp-content\/uploads\/2015\/11\/IMG_2823_221446217024_1_-1-170x115.jpg\" class=\"attachment-thumbnail size-thumbnail\" alt=\"\" \/><\/a>\r\n\t\t\t<\/dt><\/dl>\r\n\t\t\t<br style='clear: both' \/>\r\n\t\t<\/div>\n\n","protected":false},"excerpt":{"rendered":"<p>Eine Woche ohne Handy Klassentage des St.-Michaels-Gymnasiums am Hintersee Ganz ohne elektronische Unterhaltungsmedien kamen die 46 Sch\u00fclerinnen und Sch\u00fcler der beiden f\u00fcnften Klassen des Mettener Gymnasiums in der letzten Schulwoche vor den Allerheiligenferien aus. Denn bei den Kennenlerntagen am Hintersee, bei denen die Sch\u00fcler nicht nur von ihren Lehrkr\u00e4ften, sondern auch von vier Tutoren aus [&hellip;]<\/p>\n","protected":false},"author":5,"featured_media":0,"parent":11026,"menu_order":171,"comment_status":"closed","ping_status":"open","template":"","meta":{"footnotes":""},"class_list":["post-6243","page","type-page","status-publish","hentry"],"_links":{"self":[{"href":"https:\/\/www.kloster-metten.com\/index.php?rest_route=\/wp\/v2\/pages\/6243","targetHints":{"allow":["GET"]}}],"collection":[{"href":"https:\/\/www.kloster-metten.com\/index.php?rest_route=\/wp\/v2\/pages"}],"about":[{"href":"https:\/\/www.kloster-metten.com\/index.php?rest_route=\/wp\/v2\/types\/page"}],"author":[{"embeddable":true,"href":"https:\/\/www.kloster-metten.com\/index.php?rest_route=\/wp\/v2\/users\/5"}],"replies":[{"embeddable":true,"href":"https:\/\/www.kloster-metten.com\/index.php?rest_route=%2Fwp%2Fv2%2Fcomments&post=6243"}],"version-history":[{"count":1,"href":"https:\/\/www.kloster-metten.com\/index.php?rest_route=\/wp\/v2\/pages\/6243\/revisions"}],"predecessor-version":[{"id":9529,"href":"https:\/\/www.kloster-metten.com\/index.php?rest_route=\/wp\/v2\/pages\/6243\/revisions\/9529"}],"up":[{"embeddable":true,"href":"https:\/\/www.kloster-metten.com\/index.php?rest_route=\/wp\/v2\/pages\/11026"}],"wp:attachment":[{"href":"https:\/\/www.kloster-metten.com\/index.php?rest_route=%2Fwp%2Fv2%2Fmedia&parent=6243"}],"curies":[{"name":"wp","href":"https:\/\/api.w.org\/{rel}","templated":true}]}}