{"id":6310,"date":"2015-11-30T21:57:00","date_gmt":"2015-11-30T19:57:00","guid":{"rendered":"http:\/\/www.kloster-metten.de\/?page_id=6310"},"modified":"2017-09-17T09:55:16","modified_gmt":"2017-09-17T07:55:16","slug":"hauskonzert","status":"publish","type":"page","link":"https:\/\/www.kloster-metten.com\/?page_id=6310","title":{"rendered":"Hauskonzert"},"content":{"rendered":"<a href=\"https:\/\/www.kloster-metten.com\/wp-content\/uploads\/2015\/11\/HK-2015-Bild_.jpg\"><img loading=\"lazy\" decoding=\"async\" class=\"alignnone size-medium wp-image-6311\" title=\"HK 2015 Bild_\" src=\"https:\/\/www.kloster-metten.com\/wp-content\/uploads\/2015\/11\/HK-2015-Bild_-500x295.jpg\" alt=\"\" width=\"500\" height=\"295\" \/><\/a><h2>Hauskonzert<\/h2><p><\/p>\n<p>Am vergangenen Donnerstag, dem 26. November 2015 fand im Musiksaal das traditionelle Hauskonzert statt. In seiner Begr\u00fc\u00dfung dankte Schulleiter P. Erhard Hinrainer OSB allen Instrumentallehrkr\u00e4ften, die sich mit viel Geduld um die musikalische Erziehung k\u00fcmmern, sowie den Sch\u00fclerinnen und Sch\u00fclern, die ihre Freizeit zum Erlernen eines Musikinstrumentes aufbringen und so das Leben an der Schule aktiv mitgestalten. Vor einem aufmerksamen und interessierten Publikum aus Eltern, Lehrern und Mitsch\u00fclern pr\u00e4sentierten die Mitwirkenden von der 6. bis zur 12. Klasse ein buntes Programm in unterschiedlichen Besetzungen und gaben einen Einblick in das breit gef\u00e4cherte musikalische Angebot der Schule.<\/p>\n<p><a href=\"https:\/\/www.kloster-metten.com\/wp-content\/uploads\/2015\/11\/SAM_1958_.jpg\"><img loading=\"lazy\" decoding=\"async\" class=\"alignnone size-medium wp-image-6312\" title=\"SAM_1958_\" src=\"https:\/\/www.kloster-metten.com\/wp-content\/uploads\/2015\/11\/SAM_1958_-500x364.jpg\" alt=\"\" width=\"500\" height=\"364\" \/><\/a><a href=\"https:\/\/www.kloster-metten.com\/wp-content\/uploads\/2015\/11\/SAM_1962_.jpg\"><img loading=\"lazy\" decoding=\"async\" class=\"alignnone size-medium wp-image-6313\" style=\"width: 497px; height: 364px;\" title=\"SAM_1962_\" src=\"https:\/\/www.kloster-metten.com\/wp-content\/uploads\/2015\/11\/SAM_1962_-500x372.jpg\" alt=\"\" width=\"500\" height=\"372\" \/><\/a><\/p>\n","protected":false},"excerpt":{"rendered":"<p>Hauskonzert Am vergangenen Donnerstag, dem 26. November 2015 fand im Musiksaal das traditionelle Hauskonzert statt. In seiner Begr\u00fc\u00dfung dankte Schulleiter P. Erhard Hinrainer OSB allen Instrumentallehrkr\u00e4ften, die sich mit viel Geduld um die musikalische Erziehung k\u00fcmmern, sowie den Sch\u00fclerinnen und Sch\u00fclern, die ihre Freizeit zum Erlernen eines Musikinstrumentes aufbringen und so das Leben an der [&hellip;]<\/p>\n","protected":false},"author":5,"featured_media":0,"parent":11026,"menu_order":167,"comment_status":"closed","ping_status":"open","template":"","meta":{"footnotes":""},"class_list":["post-6310","page","type-page","status-publish","hentry"],"_links":{"self":[{"href":"https:\/\/www.kloster-metten.com\/index.php?rest_route=\/wp\/v2\/pages\/6310","targetHints":{"allow":["GET"]}}],"collection":[{"href":"https:\/\/www.kloster-metten.com\/index.php?rest_route=\/wp\/v2\/pages"}],"about":[{"href":"https:\/\/www.kloster-metten.com\/index.php?rest_route=\/wp\/v2\/types\/page"}],"author":[{"embeddable":true,"href":"https:\/\/www.kloster-metten.com\/index.php?rest_route=\/wp\/v2\/users\/5"}],"replies":[{"embeddable":true,"href":"https:\/\/www.kloster-metten.com\/index.php?rest_route=%2Fwp%2Fv2%2Fcomments&post=6310"}],"version-history":[{"count":1,"href":"https:\/\/www.kloster-metten.com\/index.php?rest_route=\/wp\/v2\/pages\/6310\/revisions"}],"predecessor-version":[{"id":9526,"href":"https:\/\/www.kloster-metten.com\/index.php?rest_route=\/wp\/v2\/pages\/6310\/revisions\/9526"}],"up":[{"embeddable":true,"href":"https:\/\/www.kloster-metten.com\/index.php?rest_route=\/wp\/v2\/pages\/11026"}],"wp:attachment":[{"href":"https:\/\/www.kloster-metten.com\/index.php?rest_route=%2Fwp%2Fv2%2Fmedia&parent=6310"}],"curies":[{"name":"wp","href":"https:\/\/api.w.org\/{rel}","templated":true}]}}