{"id":6323,"date":"2015-12-13T21:07:57","date_gmt":"2015-12-13T19:07:57","guid":{"rendered":"http:\/\/www.kloster-metten.de\/?page_id=6323"},"modified":"2017-09-17T09:53:55","modified_gmt":"2017-09-17T07:53:55","slug":"gemeinsam-fur-einen-guten-zweck","status":"publish","type":"page","link":"https:\/\/www.kloster-metten.com\/?page_id=6323","title":{"rendered":"Gemeinsam f\u00fcr einen guten Zweck"},"content":{"rendered":"<a href=\"https:\/\/www.kloster-metten.com\/wp-content\/uploads\/2015\/12\/DSCF0273_.jpg\"><img loading=\"lazy\" decoding=\"async\" class=\"alignnone size-medium wp-image-6324\" title=\"DSCF0273_\" src=\"https:\/\/www.kloster-metten.com\/wp-content\/uploads\/2015\/12\/DSCF0273_-500x375.jpg\" alt=\"\" width=\"500\" height=\"375\" \/><\/a><h2>Gemeinsam f\u00fcr einen guten Zweck<\/h2><p><\/p>\n<p>Mettener Gymnasiasten und Sch\u00fcler der St.-Notker-Schule basteln f\u00fcr den Weihnachtsbasar<\/p>\n<p>Eifrig waren die Sch\u00fcler des St.-Michaels-Gymnasiums und der St.-Notker-Schule bei der Sache, als es darum ging, im Rahmen eines gemeinsamen Bastelnachmittags den Weihnachtsbasar am 19.12. vorzubereiten. Mit Pl\u00e4tzchenformen wurden weihnachtliche Motive aus Wachsplatten ausgestochen, mit denen die Kinder dann Kerzen in verschiedenen Gr\u00f6\u00dfen und Formen verzierten. Dabei wurden die Kinder von den Tutoren des St.-Michaels-Gymnasiums unterst\u00fctzt, die den Nachmittag organisiert hatten. Auch Pl\u00e4tzchen durften bei dieser vorweihnachtlichen Aktion nicht fehlen, so dass die Sch\u00fcler einen vergn\u00fcglichen Nachmittag verbrachten, an dem sie am Schluss stolz auf ihre Ergebnisse sein konnten.<\/p>\n\r\n\t\t<style type='text\/css'>\r\n\t\t\t#gallery-1 {\r\n\t\t\t\tmargin: auto;\r\n\t\t\t}\r\n\t\t\t#gallery-1 .gallery-item {\r\n\t\t\t\tfloat: left;\r\n\t\t\t\tmargin-top: 10px;\r\n\t\t\t\ttext-align: center;\r\n\t\t\t\twidth: 33%;\r\n\t\t\t}\r\n\t\t\t#gallery-1 hr {\r\n\t\t\t\theight: 1px;\r\n\t\t\t}\r\n\t\t\t#gallery-1 .gallery-caption {\r\n\t\t\t\tmargin-left: 0;\r\n\t\t\t}\r\n\t\t\t\/* see gallery_shortcode() in wp-includes\/media.php *\/\r\n\t\t<\/style>\n\t\t<div id='gallery-1' class='gallery galleryid-6323 gallery-columns-3 gallery-size-thumbnail'><hr class='null'><dl class='gallery-item'>\r\n\t\t\t<dt class='gallery-icon landscape'>\r\n\t\t\t\t<a title=\"DSCF0273_\"  href='https:\/\/www.kloster-metten.com\/?attachment_id=6324'><img loading=\"lazy\" decoding=\"async\" width=\"170\" height=\"115\" src=\"https:\/\/www.kloster-metten.com\/wp-content\/uploads\/2015\/12\/DSCF0273_-1-170x115.jpg\" class=\"attachment-thumbnail size-thumbnail\" alt=\"\" \/><\/a>\r\n\t\t\t<\/dt><\/dl><dl class='gallery-item'>\r\n\t\t\t<dt class='gallery-icon portrait'>\r\n\t\t\t\t<a title=\"20151209_134249_\"  href='https:\/\/www.kloster-metten.com\/?attachment_id=6325'><img loading=\"lazy\" decoding=\"async\" width=\"170\" height=\"115\" src=\"https:\/\/www.kloster-metten.com\/wp-content\/uploads\/2015\/12\/20151209_134249_-1-170x115.jpg\" class=\"attachment-thumbnail size-thumbnail\" alt=\"\" \/><\/a>\r\n\t\t\t<\/dt><\/dl><dl class='gallery-item'>\r\n\t\t\t<dt class='gallery-icon landscape'>\r\n\t\t\t\t<a title=\"DSCF0263_\"  href='https:\/\/www.kloster-metten.com\/?attachment_id=6326'><img loading=\"lazy\" decoding=\"async\" width=\"170\" height=\"115\" src=\"https:\/\/www.kloster-metten.com\/wp-content\/uploads\/2015\/12\/DSCF0263_-1-170x115.jpg\" class=\"attachment-thumbnail size-thumbnail\" alt=\"\" \/><\/a>\r\n\t\t\t<\/dt><\/dl><br style=\"clear: both\" \/><dl class='gallery-item'>\r\n\t\t\t<dt class='gallery-icon landscape'>\r\n\t\t\t\t<a title=\"DSCF0269_\"  href='https:\/\/www.kloster-metten.com\/?attachment_id=6327'><img loading=\"lazy\" decoding=\"async\" width=\"170\" height=\"115\" src=\"https:\/\/www.kloster-metten.com\/wp-content\/uploads\/2015\/12\/DSCF0269_-1-170x115.jpg\" class=\"attachment-thumbnail size-thumbnail\" alt=\"\" \/><\/a>\r\n\t\t\t<\/dt><\/dl><dl class='gallery-item'>\r\n\t\t\t<dt class='gallery-icon landscape'>\r\n\t\t\t\t<a title=\"DSCF0270_\"  href='https:\/\/www.kloster-metten.com\/?attachment_id=6328'><img loading=\"lazy\" decoding=\"async\" width=\"170\" height=\"115\" src=\"https:\/\/www.kloster-metten.com\/wp-content\/uploads\/2015\/12\/DSCF0270_-1-170x115.jpg\" class=\"attachment-thumbnail size-thumbnail\" alt=\"\" \/><\/a>\r\n\t\t\t<\/dt><\/dl>\r\n\t\t\t<br style='clear: both' \/>\r\n\t\t<\/div>\n\n","protected":false},"excerpt":{"rendered":"<p>Gemeinsam f\u00fcr einen guten Zweck Mettener Gymnasiasten und Sch\u00fcler der St.-Notker-Schule basteln f\u00fcr den Weihnachtsbasar Eifrig waren die Sch\u00fcler des St.-Michaels-Gymnasiums und der St.-Notker-Schule bei der Sache, als es darum ging, im Rahmen eines gemeinsamen Bastelnachmittags den Weihnachtsbasar am 19.12. vorzubereiten. Mit Pl\u00e4tzchenformen wurden weihnachtliche Motive aus Wachsplatten ausgestochen, mit denen die Kinder dann Kerzen [&hellip;]<\/p>\n","protected":false},"author":5,"featured_media":0,"parent":11026,"menu_order":163,"comment_status":"closed","ping_status":"open","template":"","meta":{"footnotes":""},"class_list":["post-6323","page","type-page","status-publish","hentry"],"_links":{"self":[{"href":"https:\/\/www.kloster-metten.com\/index.php?rest_route=\/wp\/v2\/pages\/6323","targetHints":{"allow":["GET"]}}],"collection":[{"href":"https:\/\/www.kloster-metten.com\/index.php?rest_route=\/wp\/v2\/pages"}],"about":[{"href":"https:\/\/www.kloster-metten.com\/index.php?rest_route=\/wp\/v2\/types\/page"}],"author":[{"embeddable":true,"href":"https:\/\/www.kloster-metten.com\/index.php?rest_route=\/wp\/v2\/users\/5"}],"replies":[{"embeddable":true,"href":"https:\/\/www.kloster-metten.com\/index.php?rest_route=%2Fwp%2Fv2%2Fcomments&post=6323"}],"version-history":[{"count":1,"href":"https:\/\/www.kloster-metten.com\/index.php?rest_route=\/wp\/v2\/pages\/6323\/revisions"}],"predecessor-version":[{"id":9523,"href":"https:\/\/www.kloster-metten.com\/index.php?rest_route=\/wp\/v2\/pages\/6323\/revisions\/9523"}],"up":[{"embeddable":true,"href":"https:\/\/www.kloster-metten.com\/index.php?rest_route=\/wp\/v2\/pages\/11026"}],"wp:attachment":[{"href":"https:\/\/www.kloster-metten.com\/index.php?rest_route=%2Fwp%2Fv2%2Fmedia&parent=6323"}],"curies":[{"name":"wp","href":"https:\/\/api.w.org\/{rel}","templated":true}]}}