{"id":8,"date":"2008-08-04T17:12:20","date_gmt":"2008-08-04T15:12:20","guid":{"rendered":"http:\/\/kloster-metten.de\/?page_id=8"},"modified":"2024-11-23T11:22:43","modified_gmt":"2024-11-23T10:22:43","slug":"gymnasium","status":"publish","type":"page","link":"https:\/\/www.kloster-metten.com\/?page_id=8","title":{"rendered":"Gymnasium"},"content":{"rendered":"<h2>Willkommen auf der Seite des St.-Michaels-Gymnasiums!<\/h2>\n<p><a href=\"https:\/\/www.kloster-metten.com\/wp-content\/uploads\/2024\/01\/Schulalltag-0218_.jpg\"><img loading=\"lazy\" decoding=\"async\" class=\"size-medium wp-image-48294 alignnone\" title=\"Schulalltag-0218_\" src=\"https:\/\/www.kloster-metten.com\/wp-content\/uploads\/2024\/01\/Schulalltag-0218_-500x334.jpg\" alt=\"\" width=\"500\" height=\"334\" srcset=\"https:\/\/www.kloster-metten.com\/wp-content\/uploads\/2024\/01\/Schulalltag-0218_-500x334.jpg 500w, https:\/\/www.kloster-metten.com\/wp-content\/uploads\/2024\/01\/Schulalltag-0218_-1024x684.jpg 1024w, https:\/\/www.kloster-metten.com\/wp-content\/uploads\/2024\/01\/Schulalltag-0218_-170x115.jpg 170w, https:\/\/www.kloster-metten.com\/wp-content\/uploads\/2024\/01\/Schulalltag-0218_-768x513.jpg 768w, https:\/\/www.kloster-metten.com\/wp-content\/uploads\/2024\/01\/Schulalltag-0218_-1536x1025.jpg 1536w, https:\/\/www.kloster-metten.com\/wp-content\/uploads\/2024\/01\/Schulalltag-0218_.jpg 1772w\" sizes=\"auto, (max-width: 500px) 100vw, 500px\" \/><\/a><\/p>\n<p>Das St.-Michaels-Gymnasium hat es sich als Ziel gesetzt, junge Menschen bestm\u00f6glich auf ihr Leben vorzubereiten und dabei nicht nur Wissen, sondern auch Lebensfreude zu vermitteln. Unsere Schule will die individuellen St\u00e4rken der Sch\u00fclerinnen und Sch\u00fcler entdecken und f\u00f6rdern, positive Gemeinschaftserlebnisse erm\u00f6glichen, ein solides Grundwissen vermitteln und zu selbstst\u00e4ndigem Denken und Weiterfragen anregen. Dabei liegen uns die Bewahrung der benediktinischen Tradition und die Orientierung an den Anforderungen der Zukunft gleicherma\u00dfen am Herzen. Auf der Basis einer christlichen Werteerziehung will unsere Schule die Sch\u00fclerinnen und Sch\u00fcler zu einer offenen und positiven Lebenseinstellung f\u00fchren und sie bef\u00e4higen, ihr Leben bewusst zu gestalten und sich f\u00fcr ihre Mitmenschen zu engagieren.<\/p>\n<p>&nbsp;<\/p>\n<table style=\"border-collapse: collapse; width: 89.7278%; height: 488px;\">\n<tbody>\n<tr style=\"height: 149px;\">\n<td style=\"width: 21.3198%; height: 149px;\"><a href=\"https:\/\/www.kloster-metten.com\/wp-content\/uploads\/2022\/11\/eco-schools_rgb_germany.jpg\"><img loading=\"lazy\" decoding=\"async\" class=\"alignleft  wp-image-47387\" title=\"eco-schools_rgb_germany\" src=\"https:\/\/www.kloster-metten.com\/wp-content\/uploads\/2022\/11\/eco-schools_rgb_germany-500x500.jpg\" alt=\"\" width=\"129\" height=\"129\" srcset=\"https:\/\/www.kloster-metten.com\/wp-content\/uploads\/2022\/11\/eco-schools_rgb_germany-500x500.jpg 500w, https:\/\/www.kloster-metten.com\/wp-content\/uploads\/2022\/11\/eco-schools_rgb_germany-768x766.jpg 768w, https:\/\/www.kloster-metten.com\/wp-content\/uploads\/2022\/11\/eco-schools_rgb_germany.jpg 1000w\" sizes=\"auto, (max-width: 129px) 100vw, 129px\" \/><\/a><\/td>\n<td style=\"width: 19.7395%; height: 149px;\"><a href=\"https:\/\/www.kloster-metten.com\/?page_id=5392&amp;layout_id=2\"><img loading=\"lazy\" decoding=\"async\" class=\"alignleft wp-image-11884\" title=\"MINT-EC-SCHULE_Logo_Mitglied\" src=\"https:\/\/www.kloster-metten.com\/wp-content\/uploads\/2014\/05\/MINT-EC-SCHULE_Logo_Mitglied-500x331.jpg\" alt=\"\" width=\"202\" height=\"134\" srcset=\"https:\/\/www.kloster-metten.com\/wp-content\/uploads\/2014\/05\/MINT-EC-SCHULE_Logo_Mitglied-500x331.jpg 500w, https:\/\/www.kloster-metten.com\/wp-content\/uploads\/2014\/05\/MINT-EC-SCHULE_Logo_Mitglied.jpg 768w\" sizes=\"auto, (max-width: 202px) 100vw, 202px\" \/><\/a><\/td>\n<td style=\"width: 22.4465%; height: 149px;\"><a href=\"https:\/\/www.kloster-metten.com\/?page_id=5392&amp;layout_id=2\" rel=\"attachment wp-att-8403\"><img loading=\"lazy\" decoding=\"async\" class=\"wp-image-8403 aligncenter\" title=\"000MINT-freundliche_Schule_Logo\" src=\"https:\/\/www.kloster-metten.com\/wp-content\/uploads\/2014\/05\/000MINT-freundliche_Schule_Logo-500x214.jpg\" alt=\"MINT-Logo\" width=\"128\" height=\"55\" srcset=\"https:\/\/www.kloster-metten.com\/wp-content\/uploads\/2014\/05\/000MINT-freundliche_Schule_Logo-500x214.jpg 500w, https:\/\/www.kloster-metten.com\/wp-content\/uploads\/2014\/05\/000MINT-freundliche_Schule_Logo.jpg 935w\" sizes=\"auto, (max-width: 128px) 100vw, 128px\" \/><\/a><\/td>\n<td style=\"width: 26.2218%; height: 149px;\"><a href=\"https:\/\/www.kloster-metten.com\/?page_id=9272&amp;layout_id=2\"><img loading=\"lazy\" decoding=\"async\" class=\"wp-image-13943 aligncenter\" title=\"icdl-logo-300x293\" src=\"https:\/\/www.kloster-metten.com\/wp-content\/uploads\/2022\/07\/icdl-logo-300x293-1.jpg\" alt=\"\" width=\"116\" height=\"113\" \/><\/a><\/td>\n<\/tr>\n<tr style=\"height: 339px;\">\n<td style=\"text-align: center; width: 21.3198%; height: 339px;\">\n<p>&nbsp;<\/p>\n<p><a href=\"https:\/\/www.kloster-metten.com\/wp-content\/uploads\/2023\/07\/FALKO-PV-Kooperationsschule-Badge.jpg\"><img loading=\"lazy\" decoding=\"async\" class=\"wp-image-47840 alignleft\" title=\"FALKO-PV-Kooperationsschule-Badge\" src=\"https:\/\/www.kloster-metten.com\/wp-content\/uploads\/2023\/07\/FALKO-PV-Kooperationsschule-Badge-500x500.jpg\" alt=\"\" width=\"189\" height=\"189\" srcset=\"https:\/\/www.kloster-metten.com\/wp-content\/uploads\/2023\/07\/FALKO-PV-Kooperationsschule-Badge-500x500.jpg 500w, https:\/\/www.kloster-metten.com\/wp-content\/uploads\/2023\/07\/FALKO-PV-Kooperationsschule-Badge-1024x1024.jpg 1024w, https:\/\/www.kloster-metten.com\/wp-content\/uploads\/2023\/07\/FALKO-PV-Kooperationsschule-Badge-768x768.jpg 768w, https:\/\/www.kloster-metten.com\/wp-content\/uploads\/2023\/07\/FALKO-PV-Kooperationsschule-Badge-1536x1536.jpg 1536w, https:\/\/www.kloster-metten.com\/wp-content\/uploads\/2023\/07\/FALKO-PV-Kooperationsschule-Badge.jpg 1613w\" sizes=\"auto, (max-width: 189px) 100vw, 189px\" \/><\/a><\/p>\n<\/td>\n<td style=\"text-align: center; width: 19.7395%; height: 339px;\" colspan=\"3\">\n<p><a href=\"https:\/\/www.kloster-metten.com\/wp-content\/uploads\/2022\/03\/SMG.mov\"><img loading=\"lazy\" decoding=\"async\" class=\"wp-image-13794 size-medium aligncenter\" title=\"Neuer Film (3).Movie_Schnappschuss\" src=\"https:\/\/www.kloster-metten.com\/wp-content\/uploads\/2022\/03\/Neuer-Film-3.Movie_Schnappschuss-500x281.jpg\" alt=\"\" width=\"500\" height=\"281\" srcset=\"https:\/\/www.kloster-metten.com\/wp-content\/uploads\/2022\/03\/Neuer-Film-3.Movie_Schnappschuss-500x281.jpg 500w, https:\/\/www.kloster-metten.com\/wp-content\/uploads\/2022\/03\/Neuer-Film-3.Movie_Schnappschuss-1024x576.jpg 1024w, https:\/\/www.kloster-metten.com\/wp-content\/uploads\/2022\/03\/Neuer-Film-3.Movie_Schnappschuss-768x432.jpg 768w, https:\/\/www.kloster-metten.com\/wp-content\/uploads\/2022\/03\/Neuer-Film-3.Movie_Schnappschuss-1536x864.jpg 1536w, https:\/\/www.kloster-metten.com\/wp-content\/uploads\/2022\/03\/Neuer-Film-3.Movie_Schnappschuss.jpg 1920w\" sizes=\"auto, (max-width: 500px) 100vw, 500px\" \/><\/a>Film \u00fcber das St.-Michaels-Gymnasium<\/p>\n<\/td>\n<\/tr>\n<\/tbody>\n<\/table>\n<p><a href=\"https:\/\/www.kloster-metten.com\/wp-content\/uploads\/2024\/11\/Info-Heft-A5-2025k.pdf\">Info-Heft 2025<\/a><\/p>\n<p>&nbsp;<\/p>\n","protected":false},"excerpt":{"rendered":"<p>Willkommen auf der Seite des St.-Michaels-Gymnasiums! Das St.-Michaels-Gymnasium hat es sich als Ziel gesetzt, junge Menschen bestm\u00f6glich auf ihr Leben vorzubereiten und dabei nicht nur Wissen, sondern auch Lebensfreude zu vermitteln. Unsere Schule will die individuellen St\u00e4rken der Sch\u00fclerinnen und Sch\u00fcler entdecken und f\u00f6rdern, positive Gemeinschaftserlebnisse erm\u00f6glichen, ein solides Grundwissen vermitteln und zu selbstst\u00e4ndigem Denken [&hellip;]<\/p>\n","protected":false},"author":5,"featured_media":0,"parent":0,"menu_order":2,"comment_status":"closed","ping_status":"closed","template":"","meta":{"footnotes":""},"class_list":["post-8","page","type-page","status-publish","hentry"],"_links":{"self":[{"href":"https:\/\/www.kloster-metten.com\/index.php?rest_route=\/wp\/v2\/pages\/8","targetHints":{"allow":["GET"]}}],"collection":[{"href":"https:\/\/www.kloster-metten.com\/index.php?rest_route=\/wp\/v2\/pages"}],"about":[{"href":"https:\/\/www.kloster-metten.com\/index.php?rest_route=\/wp\/v2\/types\/page"}],"author":[{"embeddable":true,"href":"https:\/\/www.kloster-metten.com\/index.php?rest_route=\/wp\/v2\/users\/5"}],"replies":[{"embeddable":true,"href":"https:\/\/www.kloster-metten.com\/index.php?rest_route=%2Fwp%2Fv2%2Fcomments&post=8"}],"version-history":[{"count":79,"href":"https:\/\/www.kloster-metten.com\/index.php?rest_route=\/wp\/v2\/pages\/8\/revisions"}],"predecessor-version":[{"id":48928,"href":"https:\/\/www.kloster-metten.com\/index.php?rest_route=\/wp\/v2\/pages\/8\/revisions\/48928"}],"wp:attachment":[{"href":"https:\/\/www.kloster-metten.com\/index.php?rest_route=%2Fwp%2Fv2%2Fmedia&parent=8"}],"curies":[{"name":"wp","href":"https:\/\/api.w.org\/{rel}","templated":true}]}}