{"id":858,"date":"2008-09-02T11:36:38","date_gmt":"2008-09-02T09:36:38","guid":{"rendered":"http:\/\/kloster-metten.de\/?page_id=858"},"modified":"2008-09-02T11:36:38","modified_gmt":"2008-09-02T09:36:38","slug":"pater-gregor-scherr","status":"publish","type":"page","link":"https:\/\/www.kloster-metten.com\/?page_id=858","title":{"rendered":"Pater Gregor Scherr"},"content":{"rendered":"<h2>Pater Gregor Scherr<\/h2><p><strong>Pater Gregor Scherr (1804 bis 1877), Abt von Metten sowie Erzbischof von M\u00fcnchen und Freising<\/strong><br \/>\nDer Oberpf\u00e4lzer besuchte die h\u00f6heren Schulen in Amberg, Regensburg und Passau. Nach dem Studium der Theologie und Philosophie in Landshut und Regensburg empfing Scherr 1829 die Priesterweihe und trat 1832 in das erst wiedererrichtete Kloster Metten ein. Der Benediktiner wirkte in der Seelsorge in Rimbach und Metten, bis er 1838 f\u00fcr einige Monate als Prior und Pfarrer im wiederbegr\u00fcndeten Kloster Scheyern t\u00e4tig war. In seiner Heimatabtei Metten wurde er jedoch wenig sp\u00e4ter erst zum Prior gew\u00e4hlt, und dann als Abt eingesetzt.<\/p>\n<p>Von diesem Zeitpunkt wurde Scherr auch immer wieder als  m\u00f6glicher Bischof gehandelt. Zuerst war er f\u00fcr Augsburg im Gespr\u00e4ch, dann aber nominierte ihn K\u00f6nig Maximilian II. von Bayern 1855 zum Erzbischof von M\u00fcnchen und Freising. Von der Erzdi\u00f6zese ergriff er 1856 Besitz. Scherr nahm 1869\/70 am Ersten Vatikanischen Konzil teil, wo er zu einer Minderheit der Bisch\u00f6fe z\u00e4hlte, die eine Dogmatisierung der p\u00e4pstlichen Unfehlbarkeit ablehnte. Seine letzten Amtsjahre waren von Auseinandersetzungen infolge des Unfehlbarkeitsdogmas, von der Entstehung des Altkatholizismus und vom bayerischen Kulturkampf \u00fcberschattet.<\/p>\n<p>Pater Stephan Haering charakterisiert Scherr in erster Linie als eine praktisch orientierte und seelsorglich ausgerichtete Pers\u00f6nlichkeit, die ihre \u00c4mter mit gro\u00dfem Einsatz aus\u00fcbte. Als Abt von Metten betrieb er den Ausbau der Lateinschule des Klosters zum Vollgymnasium und richtete neben dem Internat auf Wunsch von Bischof Valentin Riedel von Regensburg auch ein bisch\u00f6fliches Seminar f\u00fcr den di\u00f6zesanen Priesternachwuchs ein; au\u00dferdem trug er Mitverantwortung bei der Errichtung der Kl\u00f6ster Weltenburg (1842) und St. Bonifaz in M\u00fcnchen (1850) und setzte sich f\u00fcr die Wiedererrichtung der Bayerischen Benediktinerkongregation (1858) ein. Als Bischof verfolgte er dem Staat gegen\u00fcber einen konzilianteren Kurs als sein Vorg\u00e4nger Graf Reisach und konzentrierte sich auf die im engeren Sinn pastoralen Aufgaben. Er f\u00fchrte Pastoralkonferenzen ein, gr\u00fcndete ein Pastoralblatt f\u00fcr sein Bistum und f\u00f6rderte die Volksmissionen.<\/p>\n","protected":false},"excerpt":{"rendered":"<p>Pater Gregor ScherrPater Gregor Scherr (1804 bis 1877), Abt von Metten sowie Erzbischof von M\u00fcnchen und Freising Der Oberpf\u00e4lzer besuchte die h\u00f6heren Schulen in Amberg, Regensburg und Passau. Nach dem Studium der Theologie und Philosophie in Landshut und Regensburg empfing Scherr 1829 die Priesterweihe und trat 1832 in das erst wiedererrichtete Kloster Metten ein. Der [&hellip;]<\/p>\n","protected":false},"author":5,"featured_media":0,"parent":141,"menu_order":0,"comment_status":"closed","ping_status":"closed","template":"","meta":{"footnotes":""},"class_list":["post-858","page","type-page","status-publish","hentry"],"_links":{"self":[{"href":"https:\/\/www.kloster-metten.com\/index.php?rest_route=\/wp\/v2\/pages\/858","targetHints":{"allow":["GET"]}}],"collection":[{"href":"https:\/\/www.kloster-metten.com\/index.php?rest_route=\/wp\/v2\/pages"}],"about":[{"href":"https:\/\/www.kloster-metten.com\/index.php?rest_route=\/wp\/v2\/types\/page"}],"author":[{"embeddable":true,"href":"https:\/\/www.kloster-metten.com\/index.php?rest_route=\/wp\/v2\/users\/5"}],"replies":[{"embeddable":true,"href":"https:\/\/www.kloster-metten.com\/index.php?rest_route=%2Fwp%2Fv2%2Fcomments&post=858"}],"version-history":[{"count":0,"href":"https:\/\/www.kloster-metten.com\/index.php?rest_route=\/wp\/v2\/pages\/858\/revisions"}],"up":[{"embeddable":true,"href":"https:\/\/www.kloster-metten.com\/index.php?rest_route=\/wp\/v2\/pages\/141"}],"wp:attachment":[{"href":"https:\/\/www.kloster-metten.com\/index.php?rest_route=%2Fwp%2Fv2%2Fmedia&parent=858"}],"curies":[{"name":"wp","href":"https:\/\/api.w.org\/{rel}","templated":true}]}}