{"id":9272,"date":"2016-03-07T23:54:57","date_gmt":"2016-03-07T22:54:57","guid":{"rendered":"http:\/\/www.kloster-metten.de\/?page_id=9272"},"modified":"2022-07-21T21:19:24","modified_gmt":"2022-07-21T19:19:24","slug":"ecdl-pruefungszentrum","status":"publish","type":"page","link":"https:\/\/www.kloster-metten.com\/?page_id=9272","title":{"rendered":"ICDL-Pr\u00fcfungszentrum"},"content":{"rendered":"<a href=\"https:\/\/www.kloster-metten.com\/wp-content\/uploads\/2022\/07\/icdl-logo-300x293-1.jpg\"><img loading=\"lazy\" decoding=\"async\" class=\"size-full wp-image-13943 aligncenter\" title=\"icdl-logo-300x293\" src=\"https:\/\/www.kloster-metten.com\/wp-content\/uploads\/2022\/07\/icdl-logo-300x293-1.jpg\" alt=\"\" width=\"300\" height=\"293\" \/><\/a><h2>ICDL-Pr\u00fcfungszentrum<\/h2><p>Nachdem Michael Seibold und P. Thomas Winter die Schulung als Session-Manager absolviert haben, kann das St.-Michaels-Gymnasium als anerkanntes Pr\u00fcfungszentrum seinen Sch\u00fclern auch die Pr\u00fcfungen f\u00fcr den iternationalen Computerf\u00fchrerschein (ICDL: International Certification of Digital Literacy)<\/p>\n<p>anbieten.<\/p>\n<div class=\"right\">\n<div class=\"small-teaser changeBg\">\n<div class=\"csc-textpic-text\">\n<h2 class=\"bodytext\">Das Modulsystem des ICDL<\/h2>\n<\/div>\n<\/div>\n<div class=\"small-teaser\">\n<h3><a href=\"http:\/\/www.ecdl.de\/ecdl-module\/computer-grundlagen.html\">Computer-Grundlagen<\/a><\/h3>\n<p class=\"bodytext\">Informations- u. Kommunikationstechnologie, Computer, Mobilger\u00e4te und Software verstehen.<\/p>\n<\/div>\n<div class=\"small-teaser\">\n<h3><a href=\"http:\/\/www.ecdl.de\/ecdl-module\/online-grundlagen.html\">Online-Grundlagen<\/a><\/h3>\n<p class=\"bodytext\">Surfen, Effektiv nach Informationen suchen, Online kommunizieren und E-Mails nutzen.<\/p>\n<\/div>\n<div class=\"small-teaser\">\n<h3><a href=\"http:\/\/www.ecdl.de\/ecdl-module\/textverarbeitung.html\">Textverarbeitung<\/a><\/h3>\n<p class=\"bodytext\">Textverarbeitung sicher nutzen und Aufgaben wie das Erstellen von Briefen und Dokumenten beherrschen.<\/p>\n<\/div>\n<div class=\"small-teaser\">\n<h3><a href=\"http:\/\/www.ecdl.de\/ecdl-module\/tabellenkalkulation.html\">Tabellenkalkulation<\/a><\/h3>\n<p class=\"bodytext\">Tabellenkalkulation sicher nutzen und z.B. das Erstellen von Tabellenbl\u00e4ttern beherrschen.<\/p>\n<\/div>\n<div class=\"small-teaser\">\n<h3><a href=\"http:\/\/www.ecdl.de\/ecdl-module\/datenbanken.html\">Datenbanken<\/a><\/h3>\n<p class=\"bodytext\">Das Erstellen einer einfachen Datenbank und die gezielte Datenabfrage beherrschen.<\/p>\n<\/div>\n<div class=\"small-teaser\">\n<h3><a href=\"http:\/\/www.ecdl.de\/ecdl-module\/praesentationen.html\">Pr\u00e4sentationen<\/a><\/h3>\n<p class=\"bodytext\">Mit Pr\u00e4sentationen arbeiten, verschiedene Folienlayouts und Foliendesigns ausw\u00e4hlen und Folien bearbeiten.<\/p>\n<\/div>\n<div class=\"small-teaser\">\n<h3><a href=\"http:\/\/www.ecdl.de\/ecdl-module\/it-sicherheit.html\">IT Sicherheit<\/a><\/h3>\n<p class=\"bodytext\">Eine sichere Netzwerkverbindung herstellen und sich gefahrlos im Internet bewegen.<\/p>\n<\/div>\n<div class=\"small-teaser\">\n<h3><a href=\"http:\/\/www.ecdl.de\/ecdl-module\/bildbearbeitung.html\">Bildbearbeitung<\/a><\/h3>\n<p class=\"bodytext\">Digitale Bilder bearbeiten und f\u00fcr den Druck oder die Ver\u00f6ffentlichung im Internet vorbereiten k\u00f6nnen.<\/p>\n<\/div>\n<div class=\"small-teaser\">\n<h3><a href=\"http:\/\/www.ecdl.de\/ecdl-module\/online-zusammenarbeit.html\">Online-Zusammenarbeit<\/a><\/h3>\n<p class=\"bodytext\">In sozialen Netzwerken, Blogs und Wikis zusammenarbeiten und interagieren k\u00f6nnen.<\/p>\n<\/div>\n<div class=\"small-teaser\">\n<h3><a href=\"http:\/\/www.ecdl.de\/ecdl-module\/projektplanung.html\">Projektplanung<\/a><\/h3>\n<p class=\"bodytext\">Ein Programm zur Projektplanung verwenden k\u00f6nnen, um z.B. neue Projekte zu erstellen.<\/p>\n<\/div>\n<div class=\"small-teaser\">\n<h3><a href=\"http:\/\/www.ecdl.de\/ecdl-module\/e-health.html\">E-Health<\/a><\/h3>\n<p class=\"bodytext\">IT-Sicherheit und Datenschutz im Gesundheitswesen<\/p>\n<\/div>\n<div class=\"small-teaser\">\n<h3><a href=\"http:\/\/www.ecdl.de\/ecdl-module\/datenschutz.html\">Datenschutz<\/a><\/h3>\n<article>\n<p class=\"bodytext\">Grundlegende Prinzipien und Regeln des Datenschutzes.<\/p>\n<\/article>\n<\/div>\n<div class=\"small-teaser\">\n<h3><a href=\"http:\/\/www.ecdl.de\/ecdl-module\/schreib-und-gestaltungsregeln.html\">Schreib- und Gestaltungsregeln<\/a><\/h3>\n<p class=\"bodytext\">Gestaltungsregeln f\u00fcr die Textverarbeitung nach DIN 5008.<\/p>\n<\/div>\n<div class=\"small-teaser\">\n<h3><a href=\"http:\/\/www.ecdl.de\/ecdl-module\/grundlagen-rechnungswesen.html\">Grundlagen Rechnungswesen<\/a><\/h3>\n<p class=\"bodytext\">ECDL-Modul &#8222;Rechnungswesen&#8220; mit DATEV<\/p>\n<\/div>\n<div class=\"small-teaser\">\n<h3><a href=\"http:\/\/www.ecdl.de\/ecdl-module\/ecdl-advanced.html\">ECDL Advanced<\/a><\/h3>\n<p class=\"bodytext\">Anspruchsvolle Aufgaben mit dem Computer erledigen<\/p>\n<\/div>\n<h3 class=\"bodytext\">Ansprechpartner:<\/h3>\n<ul>\n<li class=\"bodytext\">Michael Seibold<\/li>\n<li class=\"bodytext\">P. Thomas Winter<\/li>\n<\/ul>\n<\/div>\n","protected":false},"excerpt":{"rendered":"<p>ICDL-Pr\u00fcfungszentrumNachdem Michael Seibold und P. Thomas Winter die Schulung als Session-Manager absolviert haben, kann das St.-Michaels-Gymnasium als anerkanntes Pr\u00fcfungszentrum seinen Sch\u00fclern auch die Pr\u00fcfungen f\u00fcr den iternationalen Computerf\u00fchrerschein (ICDL: International Certification of Digital Literacy) anbieten. Das Modulsystem des ICDL Computer-Grundlagen Informations- u. Kommunikationstechnologie, Computer, Mobilger\u00e4te und Software verstehen. Online-Grundlagen Surfen, Effektiv nach Informationen suchen, Online [&hellip;]<\/p>\n","protected":false},"author":5,"featured_media":0,"parent":5392,"menu_order":2,"comment_status":"closed","ping_status":"closed","template":"","meta":{"footnotes":""},"class_list":["post-9272","page","type-page","status-publish","hentry"],"_links":{"self":[{"href":"https:\/\/www.kloster-metten.com\/index.php?rest_route=\/wp\/v2\/pages\/9272","targetHints":{"allow":["GET"]}}],"collection":[{"href":"https:\/\/www.kloster-metten.com\/index.php?rest_route=\/wp\/v2\/pages"}],"about":[{"href":"https:\/\/www.kloster-metten.com\/index.php?rest_route=\/wp\/v2\/types\/page"}],"author":[{"embeddable":true,"href":"https:\/\/www.kloster-metten.com\/index.php?rest_route=\/wp\/v2\/users\/5"}],"replies":[{"embeddable":true,"href":"https:\/\/www.kloster-metten.com\/index.php?rest_route=%2Fwp%2Fv2%2Fcomments&post=9272"}],"version-history":[{"count":7,"href":"https:\/\/www.kloster-metten.com\/index.php?rest_route=\/wp\/v2\/pages\/9272\/revisions"}],"predecessor-version":[{"id":13947,"href":"https:\/\/www.kloster-metten.com\/index.php?rest_route=\/wp\/v2\/pages\/9272\/revisions\/13947"}],"up":[{"embeddable":true,"href":"https:\/\/www.kloster-metten.com\/index.php?rest_route=\/wp\/v2\/pages\/5392"}],"wp:attachment":[{"href":"https:\/\/www.kloster-metten.com\/index.php?rest_route=%2Fwp%2Fv2%2Fmedia&parent=9272"}],"curies":[{"name":"wp","href":"https:\/\/api.w.org\/{rel}","templated":true}]}}