{"id":9345,"date":"2016-03-14T20:26:58","date_gmt":"2016-03-14T19:26:58","guid":{"rendered":"http:\/\/www.kloster-metten.de\/?page_id=9345"},"modified":"2017-09-17T09:55:37","modified_gmt":"2017-09-17T07:55:37","slug":"mettener-gymnasiastinnen-druecken-in-indien-die-schulbank","status":"publish","type":"page","link":"https:\/\/www.kloster-metten.com\/?page_id=9345","title":{"rendered":"Mettener Gymnasiastinnen dr\u00fccken in Indien die Schulbank"},"content":{"rendered":"<h2>Mettener Gymnasiastinnen dr\u00fccken in Indien die Schulbank<\/h2><p><strong>Neun Sch\u00fclerinnen, 15 Stunden Flug, 14 Tage Indien \u2013 ein lebensver\u00e4nderndes Erlebnis<\/strong><\/p>\n<p><a href=\"https:\/\/www.kloster-metten.com\/wp-content\/uploads\/2016\/03\/20151109_1233502.jpg\" rel=\"attachment wp-att-9593\"><img loading=\"lazy\" decoding=\"async\" class=\"size-medium wp-image-9593 alignnone\" title=\"Indien 2015\" src=\"https:\/\/www.kloster-metten.com\/wp-content\/uploads\/2016\/03\/20151109_1233502-500x281.jpg\" alt=\"Indien 2015\" width=\"500\" height=\"281\" srcset=\"https:\/\/www.kloster-metten.com\/wp-content\/uploads\/2016\/03\/20151109_1233502-500x281.jpg 500w, https:\/\/www.kloster-metten.com\/wp-content\/uploads\/2016\/03\/20151109_1233502-768x432.jpg 768w, https:\/\/www.kloster-metten.com\/wp-content\/uploads\/2016\/03\/20151109_1233502-1024x576.jpg 1024w, https:\/\/www.kloster-metten.com\/wp-content\/uploads\/2016\/03\/20151109_1233502.jpg 1632w\" sizes=\"auto, (max-width: 500px) 100vw, 500px\" \/><\/a><\/p>\n<p>Eng gedr\u00e4ngt sitzen die neun Mettener Gymnasiastinnen auf den kleinen blau lackierten Holzb\u00e4nken und lauschen gespannt den Erz\u00e4hlungen und Liedern indischer Grundsch\u00fcler: s\u00fc\u00dfe Kinderstimmen stellen sich zun\u00e4chst noch sch\u00fcchtern auf Englisch vor. Doch als sie ihre Version von \u201eBruder Jakob\u201c, den \u201eFruit-salad\u201c, singen und dazu tanzen, m\u00fcssen alle lachen und das Eis ist gebrochen.<\/p>\n<p>Diese Erfahrung haben neun Sch\u00fclerinnen des St.-Michaels-Gymnasiums im Rahmen des allj\u00e4hrlichen Austausches mit dem Christ Junior College in Bangalore gemacht.<\/p>\n<p>Doch nun von Anfang an.<\/p>\n<p>Am 3. November steigen die Mettener Zehntkl\u00e4sslerinnen in M\u00fcnchen in ein Flugzeug, um eine Reise um die halbe Weltkugel anzutreten. \u00dcber London geht es in die s\u00fcdindische Millionenstadt Bangalore, wo die Deutschen die n\u00e4chsten 14 Tage verbringen.<\/p>\n<p>Neben Schulbesuchen am College oder, wie oben beschrieben, in einer indischen Dorfschule lernen die deutschen Sch\u00fclerinnen allerdings auch den ganz gew\u00f6hnlichen Alltag auf dem Subkontinent kennen. Die gesamten 14 Tage verbringen sie in Gastfamilien, wo sie nicht nur ihren Austauschpartner sondern auch dessen soziales Umfeld kennenlernen. Schnell fallen Gemeinsamkeiten, aber auch Unterschiede auf. \u201eIch darf meine Sachen nirgends liegen lassen, sonst wirft sie die Haush\u00e4lterin in die W\u00e4sche\u201c, berichtet Theresa am\u00fcsiert.<\/p>\n<p>Gepr\u00e4gt war das Programm jedoch auch durch kulturelle Ausfl\u00fcge. Neben der religi\u00f6sen Vielfalt, die bereits im Stadtbild sichtbar wird, wo ein hinduistischer Tempel neben einer katholischen Kirche steht, in der Buddhisten wie Moslems und Christen gemeinsam zum Jesuskind beten, besuchen die Sch\u00fclerinnen historische St\u00e4tten, die den Beginn der s\u00fcdindischen Kultur darstellen. Dar\u00fcber hinaus begeistert die subtropische Landschaft mit ihren Palmenhainen, Reisfeldern und pittoresken Felsformationen, die Europ\u00e4ern wie aus einem M\u00e4rchen aus 1001 Nacht erscheinen. Da der Austausch mit Diwali, dem hinduistischen Neujahrsfest, bei dem der Sieg des Lichts \u00fcber das Dunkel gefeiert wird, zusammenf\u00e4llt, d\u00fcrfen die Sch\u00fclerinnen an einem Abend des f\u00fcnf Tage dauernden Festes im Haus eines indischen Austauschpartners zusammenkommen, um gemeinsam zu feiern, Knaller zu z\u00fcnden und den Feuerwerken am Himmel \u00fcber der neun Millionen Metropole begeistert zuzusehen.<\/p>\n<p>Voll bepackt mit Saris, indischen Spezialit\u00e4ten und Geschenken f\u00fcr die Eltern zuhause treten sie schlie\u00dflich wieder die Heimreise an. Voll sind aber auch ihre K\u00f6pfe mit Erlebnissen, Erinnerungen und Erfahrungen, die sie ihr Leben lang nicht vergessen und immer bei sich tragen werden.<\/p>\n\r\n\t\t<style type='text\/css'>\r\n\t\t\t#gallery-1 {\r\n\t\t\t\tmargin: auto;\r\n\t\t\t}\r\n\t\t\t#gallery-1 .gallery-item {\r\n\t\t\t\tfloat: left;\r\n\t\t\t\tmargin-top: 10px;\r\n\t\t\t\ttext-align: center;\r\n\t\t\t\twidth: 33%;\r\n\t\t\t}\r\n\t\t\t#gallery-1 hr {\r\n\t\t\t\theight: 1px;\r\n\t\t\t}\r\n\t\t\t#gallery-1 .gallery-caption {\r\n\t\t\t\tmargin-left: 0;\r\n\t\t\t}\r\n\t\t\t\/* see gallery_shortcode() in wp-includes\/media.php *\/\r\n\t\t<\/style>\n\t\t<div id='gallery-1' class='gallery galleryid-9345 gallery-columns-3 gallery-size-thumbnail'><hr class='null'><dl class='gallery-item'>\r\n\t\t\t<dt class='gallery-icon portrait'>\r\n\t\t\t\t<a title=\"Indien 2015\"  href='https:\/\/www.kloster-metten.com\/?attachment_id=9596'><img loading=\"lazy\" decoding=\"async\" width=\"170\" height=\"115\" src=\"https:\/\/www.kloster-metten.com\/wp-content\/uploads\/2016\/03\/IMG-20151113-WA0004-170x115.jpg\" class=\"attachment-thumbnail size-thumbnail\" alt=\"\" \/><\/a>\r\n\t\t\t<\/dt><\/dl><dl class='gallery-item'>\r\n\t\t\t<dt class='gallery-icon landscape'>\r\n\t\t\t\t<a title=\"Indien 2015\"  href='https:\/\/www.kloster-metten.com\/?attachment_id=9595'><img loading=\"lazy\" decoding=\"async\" width=\"170\" height=\"115\" src=\"https:\/\/www.kloster-metten.com\/wp-content\/uploads\/2016\/03\/20151109_1256262-170x115.jpg\" class=\"attachment-thumbnail size-thumbnail\" alt=\"\" \/><\/a>\r\n\t\t\t<\/dt><\/dl><dl class='gallery-item'>\r\n\t\t\t<dt class='gallery-icon landscape'>\r\n\t\t\t\t<a title=\"Indien 2015\"  href='https:\/\/www.kloster-metten.com\/?attachment_id=9593'><img loading=\"lazy\" decoding=\"async\" width=\"170\" height=\"115\" src=\"https:\/\/www.kloster-metten.com\/wp-content\/uploads\/2016\/03\/20151109_1233502-170x115.jpg\" class=\"attachment-thumbnail size-thumbnail\" alt=\"\" \/><\/a>\r\n\t\t\t<\/dt><\/dl><br style=\"clear: both\" \/>\r\n\t\t<\/div>\n\n","protected":false},"excerpt":{"rendered":"<p>Mettener Gymnasiastinnen dr\u00fccken in Indien die SchulbankNeun Sch\u00fclerinnen, 15 Stunden Flug, 14 Tage Indien \u2013 ein lebensver\u00e4nderndes Erlebnis Eng gedr\u00e4ngt sitzen die neun Mettener Gymnasiastinnen auf den kleinen blau lackierten Holzb\u00e4nken und lauschen gespannt den Erz\u00e4hlungen und Liedern indischer Grundsch\u00fcler: s\u00fc\u00dfe Kinderstimmen stellen sich zun\u00e4chst noch sch\u00fcchtern auf Englisch vor. Doch als sie ihre Version [&hellip;]<\/p>\n","protected":false},"author":5,"featured_media":0,"parent":11026,"menu_order":168,"comment_status":"closed","ping_status":"closed","template":"","meta":{"footnotes":""},"class_list":["post-9345","page","type-page","status-publish","hentry"],"_links":{"self":[{"href":"https:\/\/www.kloster-metten.com\/index.php?rest_route=\/wp\/v2\/pages\/9345","targetHints":{"allow":["GET"]}}],"collection":[{"href":"https:\/\/www.kloster-metten.com\/index.php?rest_route=\/wp\/v2\/pages"}],"about":[{"href":"https:\/\/www.kloster-metten.com\/index.php?rest_route=\/wp\/v2\/types\/page"}],"author":[{"embeddable":true,"href":"https:\/\/www.kloster-metten.com\/index.php?rest_route=\/wp\/v2\/users\/5"}],"replies":[{"embeddable":true,"href":"https:\/\/www.kloster-metten.com\/index.php?rest_route=%2Fwp%2Fv2%2Fcomments&post=9345"}],"version-history":[{"count":7,"href":"https:\/\/www.kloster-metten.com\/index.php?rest_route=\/wp\/v2\/pages\/9345\/revisions"}],"predecessor-version":[{"id":9601,"href":"https:\/\/www.kloster-metten.com\/index.php?rest_route=\/wp\/v2\/pages\/9345\/revisions\/9601"}],"up":[{"embeddable":true,"href":"https:\/\/www.kloster-metten.com\/index.php?rest_route=\/wp\/v2\/pages\/11026"}],"wp:attachment":[{"href":"https:\/\/www.kloster-metten.com\/index.php?rest_route=%2Fwp%2Fv2%2Fmedia&parent=9345"}],"curies":[{"name":"wp","href":"https:\/\/api.w.org\/{rel}","templated":true}]}}