{"id":9370,"date":"2016-03-14T21:08:36","date_gmt":"2016-03-14T20:08:36","guid":{"rendered":"http:\/\/www.kloster-metten.de\/?page_id=9370"},"modified":"2016-03-14T21:08:36","modified_gmt":"2016-03-14T20:08:36","slug":"abiturfahrt-nach-nizza-und-suedfrankreich","status":"publish","type":"page","link":"https:\/\/www.kloster-metten.com\/?page_id=9370","title":{"rendered":"Abiturfahrt nach Nizza und S\u00fcdfrankreich"},"content":{"rendered":"<a href=\"https:\/\/www.kloster-metten.com\/wp-content\/uploads\/2014\/10\/DSC06195.jpg\"><img class=\"alignnone size-medium wp-image-5576\" title=\"DSC06195\" src=\"https:\/\/www.kloster-metten.com\/wp-content\/uploads\/2014\/10\/DSC06195-500x333.jpg\" alt=\"\" width=\"500\" height=\"333\" \/><\/a><h2>Abiturfahrt nach Nizza und S\u00fcdfrankreich<\/h2><p><br \/>\nGut gelaunt brachen 69 Sch\u00fclerinnen und Sch\u00fcler der Q12 mit ihren Begleitlehrern Frau Jallot-Gra\u00dfl, Herr Kritsch und Herr Kellnberger, der die Leitung und Organisation der Fahrt \u00fcbernommen hatte, an einem Sonntagmorgen mit dem Reisebus nach S\u00fcdfrankreich auf. Nach ca. 14 Stunden wurden die Zimmer im Hotel Choiseul bezogen und das erste gemeinsame Abendessen eingenommen. Der Aufenthalt in Nizza war gut durchorganisiert und bot etliche kulturelle H\u00f6hepunkte. Bereits am ersten Tag gab es eine Stadtf\u00fchrung durch Nizza, in der die Teilnehmer mit den kulturgeschichtlichen Hintergr\u00fcnden S\u00fcdfrankreichs vertraut gemacht wurden. Am sp\u00e4ten Nachmittag brach die Gruppe zu einer abendlichen Stadtf\u00fchrung nach Cannes auf. Besonders beeindruckt waren die Mettener Gymnasiasten von der reichen Ausstattung des Hotels Carlton sowie vom Filmpalast. Der Dienstag f\u00fchrte die Sch\u00fcler nach Grasses. Nach Besichtigung und F\u00fchrung durch die ber\u00fchmte Parf\u00fcmerie Fragonard, besichtigten sie die Altstadt sowie das Mus\u00e9e Fragonard. Kultureller H\u00f6hepunkt war am Mittwoch die Stadtf\u00fchrung in Aix-en-Provence vor dem Hintergrund der r\u00f6mischen und mittelalterlichen Geschichte der Stadt. Den Donnerstag durften die Abiturienten in der Innenstadt Nizzas sowie am Strand genie\u00dfen, bevor sie am sp\u00e4ten Nachmittag nach Monaco und Monte Carlo aufbrachen. Dort gingen sie einen Teil der Formel-1-Strecke entlang und besichtigten die Altstadt, den Schlossgarten, den Yachthafen und das Casino. Den Abschluss der Reise bildete am Freitag ein nochmaliger Ausflug nach Cannes mit einem kurzen Badeaufenthalt. Am Samstag ging es dann nach dem Fr\u00fchst\u00fcck gut gelaunt und gepr\u00e4gt vom mediterranen Lebensgef\u00fchl wieder ins heimatliche Metten zur\u00fcck.<\/p>\n","protected":false},"excerpt":{"rendered":"<p>Abiturfahrt nach Nizza und S\u00fcdfrankreich Gut gelaunt brachen 69 Sch\u00fclerinnen und Sch\u00fcler der Q12 mit ihren Begleitlehrern Frau Jallot-Gra\u00dfl, Herr Kritsch und Herr Kellnberger, der die Leitung und Organisation der Fahrt \u00fcbernommen hatte, an einem Sonntagmorgen mit dem Reisebus nach S\u00fcdfrankreich auf. Nach ca. 14 Stunden wurden die Zimmer im Hotel Choiseul bezogen und das [&hellip;]<\/p>\n","protected":false},"author":5,"featured_media":0,"parent":297,"menu_order":0,"comment_status":"closed","ping_status":"closed","template":"","meta":{"footnotes":""},"class_list":["post-9370","page","type-page","status-publish","hentry"],"_links":{"self":[{"href":"https:\/\/www.kloster-metten.com\/index.php?rest_route=\/wp\/v2\/pages\/9370","targetHints":{"allow":["GET"]}}],"collection":[{"href":"https:\/\/www.kloster-metten.com\/index.php?rest_route=\/wp\/v2\/pages"}],"about":[{"href":"https:\/\/www.kloster-metten.com\/index.php?rest_route=\/wp\/v2\/types\/page"}],"author":[{"embeddable":true,"href":"https:\/\/www.kloster-metten.com\/index.php?rest_route=\/wp\/v2\/users\/5"}],"replies":[{"embeddable":true,"href":"https:\/\/www.kloster-metten.com\/index.php?rest_route=%2Fwp%2Fv2%2Fcomments&post=9370"}],"version-history":[{"count":1,"href":"https:\/\/www.kloster-metten.com\/index.php?rest_route=\/wp\/v2\/pages\/9370\/revisions"}],"predecessor-version":[{"id":9371,"href":"https:\/\/www.kloster-metten.com\/index.php?rest_route=\/wp\/v2\/pages\/9370\/revisions\/9371"}],"up":[{"embeddable":true,"href":"https:\/\/www.kloster-metten.com\/index.php?rest_route=\/wp\/v2\/pages\/297"}],"wp:attachment":[{"href":"https:\/\/www.kloster-metten.com\/index.php?rest_route=%2Fwp%2Fv2%2Fmedia&parent=9370"}],"curies":[{"name":"wp","href":"https:\/\/api.w.org\/{rel}","templated":true}]}}

Abiturfahrt nach Nizza und Südfrankreich

<a href="https://www.kloster-metten.com/wp-content/uploads/2014/10/DSC06195.jpg"><img class="alignnone size-medium wp-image-5576" title="DSC06195" src="https://www.kloster-metten.com/wp-content/uploads/2014/10/DSC06195-500x333.jpg" alt="" width="500" height="333" /></a><h2>Abiturfahrt nach Nizza und Südfrankreich</h2><p><br />
Gut gelaunt brachen 69 Schülerinnen und Schüler der Q12 mit ihren Begleitlehrern Frau Jallot-Graßl, Herr Kritsch und Herr Kellnberger, der die Leitung und Organisation der Fahrt übernommen hatte, an einem Sonntagmorgen mit dem Reisebus nach Südfrankreich auf. Nach ca. 14 Stunden wurden die Zimmer im Hotel Choiseul bezogen und das erste gemeinsame Abendessen eingenommen. Der Aufenthalt in Nizza war gut durchorganisiert und bot etliche kulturelle Höhepunkte. Bereits am ersten Tag gab es eine Stadtführung durch Nizza, in der die Teilnehmer mit den kulturgeschichtlichen Hintergründen Südfrankreichs vertraut gemacht wurden. Am späten Nachmittag brach die Gruppe zu einer abendlichen Stadtführung nach Cannes auf. Besonders beeindruckt waren die Mettener Gymnasiasten von der reichen Ausstattung des Hotels Carlton sowie vom Filmpalast. Der Dienstag führte die Schüler nach Grasses. Nach Besichtigung und Führung durch die berühmte Parfümerie Fragonard, besichtigten sie die Altstadt sowie das Musée Fragonard. Kultureller Höhepunkt war am Mittwoch die Stadtführung in Aix-en-Provence vor dem Hintergrund der römischen und mittelalterlichen Geschichte der Stadt. Den Donnerstag durften die Abiturienten in der Innenstadt Nizzas sowie am Strand genießen, bevor sie am späten Nachmittag nach Monaco und Monte Carlo aufbrachen. Dort gingen sie einen Teil der Formel-1-Strecke entlang und besichtigten die Altstadt, den Schlossgarten, den Yachthafen und das Casino. Den Abschluss der Reise bildete am Freitag ein nochmaliger Ausflug nach Cannes mit einem kurzen Badeaufenthalt. Am Samstag ging es dann nach dem Frühstück gut gelaunt und geprägt vom mediterranen Lebensgefühl wieder ins heimatliche Metten zurück.</p>

<p>Abiturfahrt nach Nizza und Südfrankreich Gut gelaunt brachen 69 Schülerinnen und Schüler der Q12 mit ihren Begleitlehrern Frau Jallot-Graßl, Herr Kritsch und Herr Kellnberger, der die Leitung und Organisation der Fahrt übernommen hatte, an einem Sonntagmorgen mit dem Reisebus nach Südfrankreich auf. Nach ca. 14 Stunden wurden die Zimmer im Hotel Choiseul bezogen und das [&hellip;]</p>
