{"id":9698,"date":"2016-04-27T13:59:24","date_gmt":"2016-04-27T11:59:24","guid":{"rendered":"http:\/\/www.kloster-metten.de\/?page_id=9698"},"modified":"2016-04-27T14:01:58","modified_gmt":"2016-04-27T12:01:58","slug":"schuelerberichte-aus-der-bienen-ag","status":"publish","type":"page","link":"https:\/\/www.kloster-metten.com\/?page_id=9698","title":{"rendered":"Sch\u00fclerberichte aus der Bienen-AG"},"content":{"rendered":"<h2>Sch\u00fclerberichte aus der Bienen-AG<\/h2><p><strong><u>Besuch des Bienenstocks von Herrn Beyvers<\/u><\/strong><\/p>\n<p>In der vorherigen Biologiestunde wurde von Frau Prinz festgelegt, dass am heutigen Tag, dem 11.04.2016 in der vierten Stunde, ein Besuch bei den \u00f6rtlichen &#8222;Schulbienen&#8220; ansteht. Am Treffpunkt, dem Biologiesaal, teilte die Lehrkraft Frau Prinz Imkerhauben zum Schutz aus. Begleitet wurde die Klasse von der Geschichtslehrerin Frau Sch\u00e4fer. Angekommen am Bienenstock nannte uns der Biologielehrer Herr Beyvers, der zugleich Imker ist, ein paar grundlegende Fakten. Er erz\u00e4hlte uns, dass in einem Bienenstock zwischen 20000 und 80000 Individuen leben. Er fragte die Sch\u00fcler, welche Arten von Bienen in einem Volk existieren. Drohnen, die m\u00e4nnlichen Bienen, zust\u00e4ndig f\u00fcr die Begattung der neuen Jungk\u00f6niginnen, werden nur wenige Wochen alt, besitzen keine Stachel, und es leben nur etwa 100 von ihnen im Staat. Die Arbeiterinnen m\u00fcssen ab ihrem ersten Lebenstag an eine bestimmte Aufgabe \u00fcbernehmen, n\u00e4mlich innerhalb von 40 Tagen 5 Aufgabenbereiche. Diese Informationen wurden uns schon im regul\u00e4ren Biounterricht mitgeteilt. Nebenbei werden die Aktionen der Sch\u00fcler von einem Sch\u00fcler und Frau Prinz durch Fotographieren festgehalten. Herr Beyvers baute anschlie\u00dfend den Kasten auseinander. Er zeigte uns im Inneren die Waben, in denen die Bienen die Larven und Nahrung (Pollen &amp; Nektar) ablegen. Der Imker benutzte Rauch, um die Bienen in eine Richtung zu zw\u00e4ngen. Daraufhin schloss er diesen Kasten wieder und \u00f6ffnete einen anderen. Er erl\u00e4uterte, dass Bienen mit abgesonderten Wachspl\u00e4ttchen die Waben bauen. Er kratzte einen kleinen Teil diesen Wachses ab und gab es einigen Sch\u00fclern in die Hand, die es f\u00fchlen und kneten durften. Wir erkannten, dass sich diese Ablagerungen wie normales Kerzenwachs anf\u00fchlten. Er nahm den oberen Teil des Kastens ab und zeigte ihn in der Runde her. Er sagte dazu, dass die gelben kleinen R\u00fcckst\u00e4nde Pollenstaub sind. Zwischen den Pollen lag Ungeziefer, das die Bienen angreift. Er erkl\u00e4rte uns eine Methode, mit der sie zu bek\u00e4mpfen sind. Er versuchte nun, die K\u00f6nigin im Staat zu finden, um sie mit einem blauen Punkt zu markieren. Es dauerte nicht lange, bis sie entdeckt war. Er malte ihr einen blauen Punkt auf den R\u00fccken, um sie bei den n\u00e4chsten Malen besser zu erkennen. Er fing sie mit einem Gef\u00e4\u00df ein und legte den Eding an. Nach diesem, f\u00fcr alle h\u00f6chst interessanten, Besuch der Schulbienenst\u00f6cke, brachten wir die Imkerhauben wieder zur\u00fcck in den Biologiesaal und kehrten in den Unterricht zur\u00fcck.<\/p>\n<p>Julius Weinberger und Sebastian Niedermayer, 8b<\/p>\n<p><a href=\"https:\/\/www.kloster-metten.com\/wp-content\/uploads\/2016\/04\/Bie6.jpg\" rel=\"attachment wp-att-9699\"><img loading=\"lazy\" decoding=\"async\" class=\"alignleft size-medium wp-image-9699\" title=\"Bie6\" src=\"https:\/\/www.kloster-metten.com\/wp-content\/uploads\/2016\/04\/Bie6-500x281.jpg\" alt=\"Bie6\" width=\"500\" height=\"281\" srcset=\"https:\/\/www.kloster-metten.com\/wp-content\/uploads\/2016\/04\/Bie6-500x281.jpg 500w, https:\/\/www.kloster-metten.com\/wp-content\/uploads\/2016\/04\/Bie6-768x432.jpg 768w, https:\/\/www.kloster-metten.com\/wp-content\/uploads\/2016\/04\/Bie6-1024x576.jpg 1024w, https:\/\/www.kloster-metten.com\/wp-content\/uploads\/2016\/04\/Bie6.jpg 1067w\" sizes=\"auto, (max-width: 500px) 100vw, 500px\" \/><\/a> <a href=\"https:\/\/www.kloster-metten.com\/wp-content\/uploads\/2016\/04\/Bie5.jpg\" rel=\"attachment wp-att-9700\"><img loading=\"lazy\" decoding=\"async\" class=\"alignleft size-medium wp-image-9700\" title=\"Bie5\" src=\"https:\/\/www.kloster-metten.com\/wp-content\/uploads\/2016\/04\/Bie5-500x281.jpg\" alt=\"Bie5\" width=\"500\" height=\"281\" srcset=\"https:\/\/www.kloster-metten.com\/wp-content\/uploads\/2016\/04\/Bie5-500x281.jpg 500w, https:\/\/www.kloster-metten.com\/wp-content\/uploads\/2016\/04\/Bie5-768x432.jpg 768w, https:\/\/www.kloster-metten.com\/wp-content\/uploads\/2016\/04\/Bie5-1024x576.jpg 1024w, https:\/\/www.kloster-metten.com\/wp-content\/uploads\/2016\/04\/Bie5.jpg 1067w\" sizes=\"auto, (max-width: 500px) 100vw, 500px\" \/><\/a> <a href=\"https:\/\/www.kloster-metten.com\/wp-content\/uploads\/2016\/04\/Bie4.jpg\" rel=\"attachment wp-att-9701\"><img loading=\"lazy\" decoding=\"async\" class=\"wp-image-9701 size-medium alignnone\" title=\"Bie4\" src=\"https:\/\/www.kloster-metten.com\/wp-content\/uploads\/2016\/04\/Bie4-e1461757966589-281x500.jpg\" alt=\"Bie4\" width=\"281\" height=\"500\" srcset=\"https:\/\/www.kloster-metten.com\/wp-content\/uploads\/2016\/04\/Bie4-e1461757966589-281x500.jpg 281w, https:\/\/www.kloster-metten.com\/wp-content\/uploads\/2016\/04\/Bie4-e1461757966589-576x1024.jpg 576w, https:\/\/www.kloster-metten.com\/wp-content\/uploads\/2016\/04\/Bie4-e1461757966589.jpg 600w\" sizes=\"auto, (max-width: 281px) 100vw, 281px\" \/><\/a><\/p>\n<h2>Bes<span style=\"color: #ffcc00;\">uch<\/span> bei <span style=\"color: #ffcc00;\">den<\/span> Bie<span style=\"color: #ffcc00;\">nen<\/span><\/h2>\n<p>Am Montag, den 11.04.2016, fand f\u00fcr die Klasse 8a in der 6. Unterrichtsstunde eine kleine Exkursion zum Thema Bienen statt.<\/p>\n<p>Zusammen mit ihrer Biologielehrerin Frau Prinz begab sich die Klasse auf die Wiese hinter dem Schulgeb\u00e4ude, auf der die Bienenk\u00e4sten stehen. Dort erwartete die Klasse bereits der Lehrer und Leiter der Bienen-AG, Herr Beyvers. Er hielt der Klasse passend zum aktuellen Unterrichtsthema in Biologie einen Vortrag \u00fcber Bienen und zeigte der 8a auch verschiedene Bienenwabentafeln.<\/p>\n<div id=\"attachment_9702\" style=\"width: 385px\" class=\"wp-caption alignleft\"><a href=\"https:\/\/www.kloster-metten.com\/wp-content\/uploads\/2016\/04\/bie1.jpg\" rel=\"attachment wp-att-9702\"><img loading=\"lazy\" decoding=\"async\" aria-describedby=\"caption-attachment-9702\" class=\"wp-image-9702 size-medium\" title=\"bie1\" src=\"https:\/\/www.kloster-metten.com\/wp-content\/uploads\/2016\/04\/bie1-375x500.jpg\" alt=\"bie1\" width=\"375\" height=\"500\" srcset=\"https:\/\/www.kloster-metten.com\/wp-content\/uploads\/2016\/04\/bie1-375x500.jpg 375w, https:\/\/www.kloster-metten.com\/wp-content\/uploads\/2016\/04\/bie1.jpg 540w\" sizes=\"auto, (max-width: 375px) 100vw, 375px\" \/><\/a><p id=\"caption-attachment-9702\" class=\"wp-caption-text\">Die Klasse h\u00f6rt interessiert dem Vortrag des Leiters der Bienen-AG<\/p><\/div>\n<p>&nbsp;<\/p>\n<div id=\"attachment_9704\" style=\"width: 385px\" class=\"wp-caption alignnone\"><a href=\"https:\/\/www.kloster-metten.com\/wp-content\/uploads\/2016\/04\/bie2.jpg\" rel=\"attachment wp-att-9704\"><img loading=\"lazy\" decoding=\"async\" aria-describedby=\"caption-attachment-9704\" class=\"wp-image-9704 size-medium\" title=\"bie2\" src=\"https:\/\/www.kloster-metten.com\/wp-content\/uploads\/2016\/04\/bie2-375x500.jpg\" alt=\"bie2\" width=\"375\" height=\"500\" srcset=\"https:\/\/www.kloster-metten.com\/wp-content\/uploads\/2016\/04\/bie2-375x500.jpg 375w, https:\/\/www.kloster-metten.com\/wp-content\/uploads\/2016\/04\/bie2.jpg 527w\" sizes=\"auto, (max-width: 375px) 100vw, 375px\" \/><\/a><p id=\"caption-attachment-9704\" class=\"wp-caption-text\">Die Bienenst\u00f6cke<\/p><\/div>\n<p>\u00dcber die verschiedenen Arten und Aufgaben der Bienen wurde die Klasse bereits im Unterricht informiert. So war bekannt, dass es K\u00f6niginnen, Drohnen und Arbeiterinnen gibt und welche Aufgaben diese im Bienenstaat haben. Diese Theorie wurde der Klasse noch einmal veranschaulicht und weitergef\u00fchrt, indem Herr Beyvers anhand der Bienenwaben nochmals die Arten der Larven aber auch die Verhaltensmuster, wie zum Beispiel den Schw\u00e4nzeltanz der Bienen, erkl\u00e4rte.<\/p>\n<div id=\"attachment_9703\" style=\"width: 316px\" class=\"wp-caption alignnone\"><a href=\"https:\/\/www.kloster-metten.com\/wp-content\/uploads\/2016\/04\/Bie3.jpg\" rel=\"attachment wp-att-9703\"><img loading=\"lazy\" decoding=\"async\" aria-describedby=\"caption-attachment-9703\" class=\"wp-image-9703 size-medium\" title=\"Bie3\" src=\"https:\/\/www.kloster-metten.com\/wp-content\/uploads\/2016\/04\/Bie3-306x500.jpg\" alt=\"Bie3\" width=\"306\" height=\"500\" srcset=\"https:\/\/www.kloster-metten.com\/wp-content\/uploads\/2016\/04\/Bie3-306x500.jpg 306w, https:\/\/www.kloster-metten.com\/wp-content\/uploads\/2016\/04\/Bie3.jpg 500w\" sizes=\"auto, (max-width: 306px) 100vw, 306px\" \/><\/a><p id=\"caption-attachment-9703\" class=\"wp-caption-text\">Bienenwabentafel<\/p><\/div>\n<p>&nbsp;<\/p>\n<p>Die Klasse war mit gro\u00dfem Eifer und Interesse bei der Sache und stellte auch einige interessante Fragen, die Herr Beyvers gern beantwortete. Diese Art des Unterrichts gefiel allen da sich Theorie und Praxis gut verbunden und da es eine Abwechslung zum monotonen Schultag bietet.<\/p>\n<p>&nbsp;<\/p>\n<p>Johanna G\u00e4tzschmann, Julia Leitl, 8a<\/p>\n","protected":false},"excerpt":{"rendered":"<p>Sch\u00fclerberichte aus der Bienen-AGBesuch des Bienenstocks von Herrn Beyvers In der vorherigen Biologiestunde wurde von Frau Prinz festgelegt, dass am heutigen Tag, dem 11.04.2016 in der vierten Stunde, ein Besuch bei den \u00f6rtlichen &#8222;Schulbienen&#8220; ansteht. Am Treffpunkt, dem Biologiesaal, teilte die Lehrkraft Frau Prinz Imkerhauben zum Schutz aus. Begleitet wurde die Klasse von der Geschichtslehrerin [&hellip;]<\/p>\n","protected":false},"author":5,"featured_media":0,"parent":5394,"menu_order":-19,"comment_status":"closed","ping_status":"closed","template":"","meta":{"footnotes":""},"class_list":["post-9698","page","type-page","status-publish","hentry"],"_links":{"self":[{"href":"https:\/\/www.kloster-metten.com\/index.php?rest_route=\/wp\/v2\/pages\/9698","targetHints":{"allow":["GET"]}}],"collection":[{"href":"https:\/\/www.kloster-metten.com\/index.php?rest_route=\/wp\/v2\/pages"}],"about":[{"href":"https:\/\/www.kloster-metten.com\/index.php?rest_route=\/wp\/v2\/types\/page"}],"author":[{"embeddable":true,"href":"https:\/\/www.kloster-metten.com\/index.php?rest_route=\/wp\/v2\/users\/5"}],"replies":[{"embeddable":true,"href":"https:\/\/www.kloster-metten.com\/index.php?rest_route=%2Fwp%2Fv2%2Fcomments&post=9698"}],"version-history":[{"count":3,"href":"https:\/\/www.kloster-metten.com\/index.php?rest_route=\/wp\/v2\/pages\/9698\/revisions"}],"predecessor-version":[{"id":9707,"href":"https:\/\/www.kloster-metten.com\/index.php?rest_route=\/wp\/v2\/pages\/9698\/revisions\/9707"}],"up":[{"embeddable":true,"href":"https:\/\/www.kloster-metten.com\/index.php?rest_route=\/wp\/v2\/pages\/5394"}],"wp:attachment":[{"href":"https:\/\/www.kloster-metten.com\/index.php?rest_route=%2Fwp%2Fv2%2Fmedia&parent=9698"}],"curies":[{"name":"wp","href":"https:\/\/api.w.org\/{rel}","templated":true}]}}