{"id":9718,"date":"2016-05-09T22:31:33","date_gmt":"2016-05-09T20:31:33","guid":{"rendered":"http:\/\/www.kloster-metten.de\/?page_id=9718"},"modified":"2017-09-17T08:24:48","modified_gmt":"2017-09-17T06:24:48","slug":"studiengenossenfest-am-23-juli","status":"publish","type":"page","link":"https:\/\/www.kloster-metten.com\/?page_id=9718","title":{"rendered":"Studiengenossenfest am 23. Juli"},"content":{"rendered":"<a href=\"https:\/\/www.kloster-metten.com\/wp-content\/uploads\/2016\/05\/P7100007.jpg\" rel=\"attachment wp-att-9715\"><img class=\"size-medium wp-image-9715\" title=\"OLYMPUS DIGITAL CAMERA\" src=\"https:\/\/www.kloster-metten.com\/wp-content\/uploads\/2016\/05\/P7100007-500x400.jpg\" alt=\"OLYMPUS DIGITAL CAMERA\" width=\"500\" height=\"400\" \/><\/a><h2>Studiengenossenfest am 23. Juli<\/h2><p><\/p>\n<p>Alle derzeitigen und ehemaligen Sch\u00fcler und Lehrer sind zum Studiengenossenfest im Rahmen des Jubil\u00e4umsjahres zum 1250-j\u00e4hrigen Bestehen der Benediktinerabtei Metten eingeladen. Um 10 Uhr beginnt der Festgottesdienst im Klosterhof, um ca. 12 Uhr besteht die M\u00f6glichkeit zum Mittagessen unter und um die kleine Turnhalle. Wer das generalsanierte Schulgeb\u00e4ude noch nicht kennt, kann zwischen ca. 14 Uhr und 16 Uhr einen Rundgang unternehmen und hat dabei die Gelegenheit, einige Filme und Videos, die in den letzten Jahren in und \u00fcber Metten entstanden sind, zu betrachten.<\/p>\n<p>Eine kurze Anmeldung unter\u00a0 <a href=\"mailto:studiengenossenfest@kloster-metten.de\">studiengenossenfest@kloster-metten.de<\/a>\u00a0 w\u00fcrde uns die Planung sehr erleichtern.<\/p>\n","protected":false},"excerpt":{"rendered":"<p>Studiengenossenfest am 23. Juli Alle derzeitigen und ehemaligen Sch\u00fcler und Lehrer sind zum Studiengenossenfest im Rahmen des Jubil\u00e4umsjahres zum 1250-j\u00e4hrigen Bestehen der Benediktinerabtei Metten eingeladen. Um 10 Uhr beginnt der Festgottesdienst im Klosterhof, um ca. 12 Uhr besteht die M\u00f6glichkeit zum Mittagessen unter und um die kleine Turnhalle. Wer das generalsanierte Schulgeb\u00e4ude noch nicht kennt, [&hellip;]<\/p>\n","protected":false},"author":5,"featured_media":0,"parent":11026,"menu_order":140,"comment_status":"closed","ping_status":"closed","template":"","meta":{"footnotes":""},"class_list":["post-9718","page","type-page","status-publish","hentry"],"_links":{"self":[{"href":"https:\/\/www.kloster-metten.com\/index.php?rest_route=\/wp\/v2\/pages\/9718","targetHints":{"allow":["GET"]}}],"collection":[{"href":"https:\/\/www.kloster-metten.com\/index.php?rest_route=\/wp\/v2\/pages"}],"about":[{"href":"https:\/\/www.kloster-metten.com\/index.php?rest_route=\/wp\/v2\/types\/page"}],"author":[{"embeddable":true,"href":"https:\/\/www.kloster-metten.com\/index.php?rest_route=\/wp\/v2\/users\/5"}],"replies":[{"embeddable":true,"href":"https:\/\/www.kloster-metten.com\/index.php?rest_route=%2Fwp%2Fv2%2Fcomments&post=9718"}],"version-history":[{"count":2,"href":"https:\/\/www.kloster-metten.com\/index.php?rest_route=\/wp\/v2\/pages\/9718\/revisions"}],"predecessor-version":[{"id":9941,"href":"https:\/\/www.kloster-metten.com\/index.php?rest_route=\/wp\/v2\/pages\/9718\/revisions\/9941"}],"up":[{"embeddable":true,"href":"https:\/\/www.kloster-metten.com\/index.php?rest_route=\/wp\/v2\/pages\/11026"}],"wp:attachment":[{"href":"https:\/\/www.kloster-metten.com\/index.php?rest_route=%2Fwp%2Fv2%2Fmedia&parent=9718"}],"curies":[{"name":"wp","href":"https:\/\/api.w.org\/{rel}","templated":true}]}}